er?
False
Let z be (3 + -3 + 3)/1. Suppose -5*w - f + 244 = 0, -150 = -4*w + w + z*f. Is w prime?
False
Is (-8)/84 + (-290)/42 + 100544 a prime number?
True
Suppose 11*a - 3*n - 27964 = 6*a, 3 = -n. Is a a composite number?
False
Let z = 68 - -7. Suppose -z - 371 = -y - q, -5*q + 450 = y. Is y a prime number?
False
Suppose 1519 = 3*f + 2*l, -f - 1484 = -4*f + 5*l. Is f prime?
True
Let g(p) = -p**3 + 10*p**2 + 23*p - 3. Let j be g(13). Let s = j - -396. Is s a prime number?
False
Let d(r) = -1. Let p(y) = -y. Let h(v) = 6*d(v) + p(v). Let s be h(-9). Suppose s*l - 7*l = -652. Is l a prime number?
True
Let t be 2905/(-5)*(2 + -3). Suppose 0 = 3*m + 2*v - 196 - 219, -4*m = 2*v - 550. Suppose -t = -2*c - m. Is c a composite number?
False
Suppose -m - 15 = -6*m + 2*x, -5*x = 4*m - 12. Suppose -19 = z + m*g - 236, -2 = g. Is z composite?
False
Is 2/7 + 9*14907/21 composite?
False
Let x(y) = 5*y**2 - 6*y - 11. Let o be x(10). Let n = 466 + o. Is n prime?
False
Suppose -5*f + 27012 = 5*q - 15063, q - 2*f = 8427. Is q composite?
False
Let o be 192/24 - (-2 + 10). Let q = -1 + 95. Suppose -4*z = m - 1, 2*z + o*z + q = 4*m. Is m composite?
True
Let v(a) = -9*a - 1033. Let c(i) = 3*i + 344. Let r(h) = -8*c(h) - 3*v(h). Is r(0) a composite number?
False
Let h = 40 + -28. Let k be ((-2)/3)/((-8)/h). Let m(j) = 70*j - 1. Is m(k) a composite number?
True
Let b = 8 + -50. Let m = 299 + b. Is m prime?
True
Is (-38)/(-323) + 45794/34 a composite number?
True
Let c = 7550 - -4431. Is c a composite number?
False
Suppose -15*n + 222471 + 358524 = 0. Is n composite?
True
Suppose -1795*x + 1789*x + 128262 = 0. Is x a composite number?
False
Suppose 5*f - 36 = 2*f. Suppose 1435 = f*i - 7*i. Is i a prime number?
False
Let u(o) = 482*o**3 + o**2 + 3*o - 13. Is u(4) prime?
False
Let p(z) = 270*z - 1. Let o be p(-1). Let i be (752*1)/1 - (-34 - -36). Let c = i + o. Is c a prime number?
True
Is (-124304)/(-40) - (-24)/(-40) composite?
True
Let g(x) = -x**2 + 15*x + 3. Let p be g(15). Suppose -4*d - 3*t + p + 5 = 0, 0 = t + 4. Suppose -s = -3*o - 80, -2*o = -d*s + 200 + 213. Is s prime?
True
Let u = -8 - -10. Let m be (-342 - -1)*u/2. Let d = -54 - m. Is d a composite number?
True
Suppose 0 = -3*c - 0 + 6. Suppose 3*j = -3, 157 = -c*f - 3*j - 328. Let v = 654 + f. Is v a composite number?
True
Let g be 2 + -3 + 1 + 0. Suppose g = h + 3*c - 28, -c = 5*h - 2*h - 44. Suppose u = 9 + h. Is u composite?
True
Is 1 + (8640 - 0)/9 a composite number?
True
Let o be (-2 - 6)/((-4)/16). Is 3*(4 + -3) + o prime?
False
Suppose m + 3*d - 4108 = 5*m, -2*d - 3064 = 3*m. Is 3/6*(-6 - m) composite?
False
Let n(s) = s**3 - 19*s**2 + 37*s + 116. Is n(27) a prime number?
True
Let a = 6040 - 4108. Let f = a + -1025. Is f prime?
True
Let y(i) be the third derivative of -2/3*i**3 - 11/8*i**4 + 10*i**2 + 0*i + 0. Is y(-5) a composite number?
True
Let d = 8841 + -2625. Suppose 4*p - d = -4*j, 4*j - 3972 - 2243 = -3*p. Is j a prime number?
True
Is (14936 - 1) + (0 - (-15 - -11)) composite?
False
Let v be 1/2*349*-4. Let w = -303 - v. Suppose w = 5*t - 0*t. Is t a composite number?
False
Let b(i) = i - 1. Let w(o) = 7*o + 2. Let x(k) = -6*b(k) + w(k). Let u be x(-6). Is (1122/9)/(u/3) composite?
True
Let w = -19 - 1. Let c = w + 15. Let u = 4 - c. Is u composite?
True
Let t(l) = -l**3 - 15*l**2 + 2*l + 37. Let p be t(-15). Is (230 - p)/(1 - 0) a prime number?
True
Let r = 39951 + -16534. Is r a composite number?
False
Let g(i) be the third derivative of 1/60*i**5 - 1/24*i**4 + 0*i + 0 + 47/60*i**6 + 4*i**2 + 1/6*i**3. Is g(1) composite?
True
Suppose -3*m - 3*k + 1 + 2 = 0, -3*m + 2*k + 23 = 0. Suppose 4*f - 15435 = -m*v, -3840 = -0*f - f + 5*v. Suppose -6*t + f = -t. Is t prime?
False
Let y(u) = -248*u + 3. Let z be (-3)/6*-6 - 4. Is y(z) prime?
True
Suppose 7*u + 0*u - 7798 = 0. Suppose -2201 = -15*s + u. Is s composite?
True
Let l(a) be the third derivative of a**6/120 + 3*a**5/20 - a**4/2 + a**3/6 - a**2. Let k = -6 - 4. Is l(k) prime?
False
Let p(b) = 8*b + 456. Let u be p(-57). Let c be 1*(-1 + 2)*2. Suppose u*w = -c*w + 6, 0 = -5*n + 4*w + 2383. Is n prime?
True
Suppose f - 1379 = -5*j, 2*f = 4*f - 4*j - 2786. Let d = 3442 - f. Is d prime?
True
Let x(a) = -9*a - 1. Let g be x(1). Let c(m) = -11 + 53*m**2 + 2*m + 56*m**2 - 107*m**2. Is c(g) prime?
False
Let w = 40 + -24. Suppose -2*k = -w - 6. Let c(l) = -l**2 + 15*l - 11. Is c(k) prime?
False
Suppose -l + 4*n = 2 + 1, 0 = l + n - 2. Is (35/15)/(l/111) a composite number?
True
Let d = 265 - 220. Let s = -5 + 19. Let k = d - s. Is k a composite number?
False
Suppose 4*h + 2 = 5*h. Suppose m - h = -0*m. Suppose -983 = -3*z + b, 1127 - 139 = 3*z - m*b. Is z a prime number?
False
Suppose -935 = -2*y - t, 1357 = 4*y - t - 528. Suppose -f + 299 = -y. Is f composite?
False
Let i be (3/(-2))/(15/30). Is (37/(-3))/(i/9) prime?
True
Let f = -27 - -31. Suppose -f*l - 3 = -23. Suppose -3*z - b + 3*b + 205 = 0, z - 57 = -l*b. Is z a prime number?
True
Suppose -3*d = 4*o - 4588, -573 = o + 3*d - 1720. Is o a composite number?
True
Let w(t) = 82*t**2 + 23*t - 42. Is w(-13) composite?
True
Suppose -20*x + 4884 = -18*x + 5*u, -5*x + u = -12237. Is x composite?
False
Let b be (10/(-25))/((-3)/45). Let w be (b/4)/((-45)/60). Is (11/(-22))/(w/332) prime?
True
Let r be (-2160)/(-25) + ((-8)/5)/4. Let b be (-69)/2*2*-1. Let c = r + b. Is c composite?
True
Let c = -110 + 110. Suppose -4*h + 5113 - 1141 = c. Is h prime?
False
Let u be 11/4 + 4/16. Suppose -o - 636 = -5*o + 4*z, 5*z - 509 = -u*o. Is o composite?
False
Let g(n) = 88*n**3 + 13*n**2 - 6*n + 8. Is g(7) a prime number?
False
Suppose 2*b = -5*x + 18, -5*b + 3*x + 16 = x. Suppose b*r + 4*y - 1636 = 0, 4*r - 1646 = 2*y - y. Is r a composite number?
True
Suppose 3*a = -0*a + 9. Is (a - 1)*231/6 composite?
True
Is 32590564/680 + (-3)/10 composite?
True
Suppose 0 = -27*u + 252946 + 544283. Is u a composite number?
False
Let h(d) = -d**3 - 5*d**2 - 5*d - 9. Let b be h(-5). Let m(p) = 480*p + 61. Is m(b) a prime number?
True
Let q be ((-3)/(-6) - 0)/((-8)/(-272)). Suppose -13*v = -q*v + 15956. Is v a prime number?
True
Let s = -38 - -40. Suppose 0 = s*m - 5*c - 2014, -3*c - 18 = -6. Is m composite?
False
Let f be 32/20 - 10/(-25). Is 5*(21 - (f - -2)) a prime number?
False
Suppose j + 4*v - 99 - 8 = 0, 3*v - 106 = -j. Suppose 2*d - 4*o = -j + 533, -5*d - 5*o + 1030 = 0. Is d a prime number?
False
Let g(d) = -1537*d - 6. Let c be g(-5). Suppose -18*p + 11*p = -c. Is p a prime number?
True
Suppose 6*v = v + 20. Suppose 12 = -v*j, -45 = -5*d + 2*j + 3*j. Is 3124/6 - d/(-18) composite?
False
Let h(j) = 283*j**2 - 64*j - 326. Is h(-5) a composite number?
False
Let s = 451 + -144. Is s a prime number?
True
Let a(r) be the first derivative of -r**4/4 - 5*r**3 - 2*r + 8. Let d be a(-15). Is (d - 1) + (-200)/(-8) a prime number?
False
Suppose -2*i = u - 1794, -2*u + 3*u = -i + 899. Suppose -i = 9*s - 14*s. Suppose 2*x - 617 + s = -4*l, 5*x = -4*l + 1107. Is x a prime number?
True
Suppose -28*u + 39192 = -13700. Is u composite?
False
Let v(m) = -m**2 - 16*m + 5. Let a = -13 - -6. Let u be v(a). Suppose 5*t = u + 187. Is t prime?
False
Let h = -36788 + 55647. Is h composite?
False
Suppose 9*c - 24 = 7*c. Is ((-42)/c)/7 + (-3230)/(-4) prime?
False
Suppose -535495 - 262122 = -23*q. Is q prime?
True
Suppose 3*z - 3215 = 5*r, -3*z + r + 1549 = -1662. Let s = z + -315. Is s prime?
False
Is (-232)/(-2) + -7 + 0 composite?
False
Let p be (6 - 24)*426/(-9). Suppose 0 = -k - 3*k + p. Is k a composite number?
True
Suppose 7*v + m = 2*v + 53856, m = -v + 10772. Is v composite?
False
Let y(b) = 5 - 2 - 1 + 343*b. Let z be y(-8). Is z/6*1/(-1) composite?
False
Suppose 0 = 5*l + 89 + 206. Let y = l - -199. Let v = 345 - y. Is v a composite number?
True
Let h(b) = 19*b - 3. Let t be h(10). Let m(k) = -5*k**3 - k**2 - 6*k. Let i be m(-5). Suppose -30 = -2*g - 5*f + t, 5*g - i = 5*f. Is g a composite number?
True
Is -7 + ((-894)/(-4))/((-1)/(-120)) prime?
True
Let f(p) = 55*p**2 - 5*p - 4. Let l be f(8). Suppose 4*g - 8*g = -l. Is g prime?
False
Let i be 2/(-11) - (-485)/(-55). Is (1 + (-159)/2)/(i/234) a composite number?
True
Let m = 47039 - 30370. Is m prime?
False
Let y = -36 + 38. Suppose y*h = 4*g + 190, 3*g = 3*h + 2*g - 275. Is h a